41
Evaluate (-27 - (0 - 2)) + (-6 - -19 - 23).
-35
Evaluate -121 - (7 + (64 - 93)).
-99
Calculate -27 + (-20 - (-17 + 9 - 19)).
-20
-40 + 22 + (-214 + 223 - (1 - -12))
-22
What is the value of (64 - 29) + -50 - -49?
34
What is -27 + 23 - (1 + 9 - -6)?
-20
Evaluate (13 + 7 - (-125 - -135)) + -81 + 0.
-71
What is (4 - -20 - 2) + -25 + (60 - -4)?
61
What is the value of 137 - ((43 - (16 - -21)) + 11)?
120
What is the value of (-20 - (-103 - -79)) + (1 - 6) - (1 + 76)?
-78
Calculate -3 + 136 - (-1514 + 1720).
-73
What is -219 + 236 - (34 + 2) - -57?
38
Calculate 1185 + -1191 + (38 - 0).
32
What is the value of -22 + 88 + 0 + -20 + -38?
8
What is the value of -24 + 15 - (2 + 74) - (14 - (-3 - -3))?
-99
(1 - 15) + 0 + -6 + -3 + -37
-60
What is -55 + 1 - (-1 + -56 + 859 + -811)?
-45
Evaluate 3 - (21 - ((0 - 33) + (142 - 155))).
-64
What is 42 + (-9 - (-5 - -2)) + -2 + (8 - 8)?
34
-35 - 2 - ((-11 - 18) + 22)
-30
What is (-2 + -2 - (-1 + 0 + -1)) + 189 + -195?
-8
What is (22 - -47) + -44 - -11?
36
Evaluate 398 - 456 - (0 + -38).
-20
Calculate (58 - -91) + -169 + (4 + -8 - 98).
-122
Calculate (32 - (27 - 9)) + (-4 - -14).
24
What is the value of -38 - -19 - 8 - (-9 - (-8 + -5))?
-31
What is the value of -36 + 5 + (-5 - -18) + (-26 - -19)?
-25
Calculate (-35 - -67) + -51 + (-1 - 18).
-38
26 + -12 + 25 + -1 + -4 - -17
51
What is 3 + (-5 - -3 - (23 - 31)) - (-6 + 7)?
8
-73 + 0 - (84 + (-83 - 18))
-56
What is -5 + -11 + 4 - 8 - ((-40 - -25) + 26)?
-31
18 - (-59 + 50 - 7)
34
(-2 - 0 - (58 - (9 + 48))) + 8 + -27
-22
What is the value of 8 - (-33 + 41 + 2 - (0 - 6))?
-8
Evaluate -1 - ((-12 + 1 - 1) + -455 + 444).
22
Calculate 84 + 9 + -462 + 434.
65
What is the value of -37 - (-29 - -113) - -70?
-51
What is -60 + -37 + 52 - -95?
50
Calculate (7 - (10 - -11)) + (-14 - -14) + -59.
-73
What is -20 + 27 + (-10 - -22 - 7)?
12
What is the value of (-2 - 1) + (41 - 44) + -59?
-65
Calculate (-2 - (-1 - -9)) + (-25 - (-70 - (-9 - -10))).
36
141 + (123 - (53 + 107))
104
Calculate 21 + (23 - (47 + -48)).
45
4 + 1 - (-10 - (4 + 0))
19
Evaluate -3508 + 3488 - (-3 - -1 - 15).
-3
What is the value of 10 + (-3 - (-26 - -14 - 20))?
39
What is (-11 - (-7 - 10)) + 9 + (2 + -29 - -12)?
0
What is 8189 - 8065 - (154 + -1)?
-29
What is the value of 508 + -562 - (14 - 131)?
63
What is (41 - (0 - -3)) + 23 - -4?
65
What is -11 + 8 + (1 - (-1 + -6 - 7 - -2))?
10
Calculate 36 + -17 + -30 + (0 - (-18 + 9) - -136).
134
Calculate 38 + (-7 - -6) + 7 + -14 + 14.
44
(13 - (74 - -3)) + 33 - -84
53
What is (171 - 181) + 2 + -5 + -5?
-18
What is -1 + (-2 - -1 - ((3 - -12) + -8 + 54))?
-63
What is -4 + (-2 - -5) - (2 + -1 - (101 - 110))?
-11
What is (-1 - 15) + (-421 - -428) + (-19 - 2)?
-30
Evaluate (3 + -15 - -3) + -4 - (-138 + 128) - 52.
-55
Evaluate 7 + 7 + -8 - 13 - (-264 - -286).
-29
What is (-11 - -23) + 39 - (-29 - -3)?
77
What is (-2 - -3) + -2 + -14 - (308 - (-23 - -329))?
-17
What is -38 + 3 - (14 - (22 + (-6 - -6)))?
-27
What is the value of 27 + -26 + 22 - (0 + 137)?
-114
(92 - (39 + -82)) + -87
48
What is (-7 - (41 + -51 - (2 + -9))) + 47?
43
What is -2 + 8 + -4 - (26 + -8 - 19)?
3
Evaluate 0 + 114 + (-153 + 100 - -41).
102
What is the value of 25 - (-26 - -3 - -61)?
-13
What is -1 - ((-66 - -41) + 26) - 5?
-7
Evaluate 78 + (2 - -10 - -1) + -13 + -14.
64
What is 2 + -95 + 42 + 63?
12
Evaluate -90 - (93 + -124 - 105).
46
Evaluate 43 + -6 - (28 - 4) - (7 - -44).
-38
Calculate -2 + 11 - (1 - -7 - 11 - (-28 - -21)).
5
11 - ((1312 + -1312 - (3 - (-1 + 2))) + 36)
-23
What is the value of -113 - (-100 - 74) - 19?
42
What is the value of 13 - (22 + -58 + 96)?
-47
What is the value of 19 - 17 - (-2 + 7) - (-40 - -42)?
-5
What is the value of -76 - (-26 + 16 + (14 + 3 - 17))?
-66
What is (0 - 3) + 1 + 5 + -4 + (-1011 - -984)?
-28
What is 4 + 1 + -2 - (-5126 + 5137 + -1 + -52)?
45
What is -3 - ((2 - 0) + -5 + (35 - 85))?
50
What is 1 - ((1 - 9) + 168 + -108)?
-51
Calculate (-1 - 3) + (28 - 81 - -50).
-7
Calculate (-30 - -36) + (-14 - 5) + 85.
72
What is the value of 22 + (-8 + -5 - -19) + 54?
82
What is the value of -19 + (32 - -6) + -13 - (0 + 1 + -15)?
20
What is the value of (-118 - -154) + (11 - 1 - (-18 + 24))?
40
What is the value of -17 - ((-1 - 4) + (9 - (-5 + 9 - -4)))?
-13
Calculate -28 + 137 + -11 + -72.
26
(-25 - (41 - 7 - 14)) + 24
-21
Calculate (33 - (135 - 43)) + -57.
-116
Evaluate -19 + -21 - (-20 + (39 - 17) + -1).
-41
Calculate (-154 - -163) + (-17 - 1) - (-61 + -1).
53
Evaluate -5 + -2 - (-6 + (-8 - -5 - -12)).
-10
-2 - 11 - (191 + -201) - 80
-83
What is 0 + (50 - 2) - (99 + -93 + -6)?
48
10 + -1 + (0 - -6) + -3 + -62 + 121
71
(-26 - -12 - (-19 - (-10 + (-2 - -4)))) + -26
-29
Evaluate (-1 - 78) + 143 + 105 + -235.
-66
What is the value of (-14 - -10 - -11) + -28 - -83?
62
-38 - -30 - (-1 - 32 - -8)
17
What is -6 + -4 + (-15 - (-13 + (13 - -1)) - -12)?
-14
What is -17 - (1 - 4 - (-58 + 39))?
-33
What is the value of 4 - 1 - ((-25 - -17 - 7) + 7)?
11
Calculate -27 + (32 - 13) + -4 + (3 - -2) + -65.
-72
What is the value of 65 - ((53 - 63) + (21 - 6))?
60
Evaluate (2 - 14) + -7 + (-9 + -16 - 37) + 13.
-68
What is the value of 7 - (-1 + -3 - -4) - (-76 + 23 + -6)?
66
Evaluate 157 + 2 + 2664 + -2744.
79
Calculate -6 + (-45 - 3) + -3 + (6 - 14 - -14).
-51
-61 + -12 + 44 + (-4 - -31)
-2
Evaluate -40 + -2 - (-101 + 1 - -72).
-14
What is -4 + (-4 - (6 + -22)) - (-49 + (5 - -15))?
37
What is -241 - -257 - ((4 + 65 - -3) + 6)?
-62
Evaluate 3 + -89 - (1723 - 1709).
-100
What is -253 + 208 - (-52 + 56 - (-1 + 0))?
-50
Calculate -21 + 26 + -66 + 101.
40
What is the value of -60 + -1 + (-18 - -61) + -18?
-36
What is the value of 43 + -5 + (11 - 29)?
20
What is the value of 18 + 10 + -48 + 30 + (5 - -10)?
25
What is 19 + -6 - (-15 + 29) - (44 + -3)?
-42
What is the value of -5 + 5 + 167 - (150 - 115)?
132
Calculate (2427 - 2273) + (10 - 49).
115
What is the value of 2 + (5 - -55) + -51 + (-150 - -2)?
-137
Evaluate 34 - (-13 - (-27 - 0) - (7 + -6)).
21
Evaluate 107 - (19 + (-49 - -85)).
52
(69 - -7) + (-45 - (-20 + 0))
51
What is the value of (1733 - 1808) + 2 + -7?
-80
What is the value of -1 + 0 - (13 + (-12 - -24 - -9 - 17))?
-18
Evaluate (67 - 34 - 4) + (-4 - -20).
45
What is the value of (-41 - -1) + 262 + -249 - -25?
-2
What is 3996 + -4047 + (20 - -1)?
-30
Calculate (30 - 11) + (-44 + 9 + 26 - -71).
81
Calculate (16 - (11 + -3) - 10 - 8) + 29.
19
Calculate -20 + -20 + (0 + (-4 - 4) + 8 - -6).
-34
What is the value of -10 + (-11 - (-25 + 11) - 22)?
-29
What is 2 + (13 - 7) + 3 + -6 + 16?
21
What is the value of 11 + (-1 - (9 + 1 + 8)) - (-55 + 4)?
43
-3 + -8 + 13 + -10 + 16 + 13
21
(-2 - -24 - (18 - 5)) + (-32 - (-1 + 0))
-22
-4 + -51 + -102 + 118
-39
Evaluate (5 - -1) + 11 - (252 - 265).
30
What is (-21 - (-22 - 6 - -9)) + -16?
-18
What is (27 - 6) + 9 + -14 - (-15 + 5)?
26
Calculate -509 + 518 + -3 + -39.
-33
What is 27 + 26 + -23 + (-21 - -3) - -68?
80
What is 3 - 1 - -41 - (14 - ((33 - 11) + -9))?
42
2 + -88 + -1 - (231 - 265)
-53
Calculate (-15 + -2 - -63 - 6) + (-7 - -7).
40
Calculate 14 + (3 - 8 - (-10 + 12)) - -23.
30
What is -72 - (23 + -24 - (-18 + 21 + (1 - 0)))?
-67
Calculate 79 + -100 + -97 - -49.
-69
What is the value of -5 + -2 + 5 + 1 - (2952 + -2950)?
-3
What is (-170 - -136) + 112 - -29?
107
What is (0 + -17 - (-525 + 492)) + -11?
5
-1 + (-24 + 33 - 1) + 16
23
Evaluate (-48 - -30) + (10 - (19 - -14)).
-41
Evaluate (21 - 21 - 12 - 57) + (7 - (-1 + 2)).
-63
What is the value of (1 - -102) + (104 + -95 - 44)?
68
Evaluate (-37 - 2) + 1009 + -1009.
-39
Evaluate 14 + (-54 - -62) + 1 + -12 - -6.
17
-35 + (-1 - (1 + -1)) + 1 + (-28 - -36)
-27
What is 9 + -36 + 43 + -10?
6
23 - (11 - ((-11 - -29) + -14))
16
6 + -6 + 17 + -10
7
Calculate 21 + (-14 + 11 + 12 - -2).
32
Calculate (26 - (1 + 10 + -5)) + 1 - (-288 + 282).
27
Calculate 1 + -50 + 97 + -103 + (-6 - 0) + 16.
-45
Calculate 1 - 113 - (2601 + -2655).
-58
(103 + -104 - (-9 + -2)) + 1 + -16 + -1
-6
What is the value of 86 + (-92 - (47 + -81))?
28
-57 - 2 - (-1413 - -1380)
-26
Evaluate -597 + 538 - (-34 - -1) - -2.
-24
What is the value of (45 - 141) + -5 - -53?
-48
Evaluate (2 - (1 + 74)) + (-180 - -172) + (-2 - -13).
-70
What is the value of -122 + 253 + 57 + -168?
20
What is the value of 10 - (-25 + (17 + -10 - -15) -